{"id":69,"date":"2018-05-09T01:41:27","date_gmt":"2018-05-09T01:41:27","guid":{"rendered":"http:\/\/www.biosistem.net\/?post_type=product&#038;p=69"},"modified":"2018-05-22T02:37:43","modified_gmt":"2018-05-22T02:37:43","slug":"sistema-hematopoyetico","status":"publish","type":"product","link":"https:\/\/www.biosistem.net\/index.php\/producto\/sistema-hematopoyetico\/","title":{"rendered":"SISHEM (SISTEMA HEMATOPOYETICO)"},"content":{"rendered":"<p><strong>SISHEM es un estimulante espec\u00edfico del sistema inmunol\u00f3gico. Nos ayuda como transformador, regenerativo, estimulante, revitalizante, con el fortalecimiento celular, la proliferaci\u00f3n celular, el oxigenado celular. SISHEM es un auxiliar en enfermedades como: anemias, linfomas, leucemias cr\u00f3nicas, adem\u00e1s de todas las enfermedades del sistema inmunol\u00f3gico, como lupus, artritis reumatoide, granulomatosis de wegener, alergias, etc.<\/strong><\/p>\n","protected":false},"excerpt":{"rendered":"<p>&nbsp;<\/p>\n<p style=\"text-align: center;\"><strong>CONTENIDO:<\/strong><\/p>\n<p><strong><div class='et-box et-shadow'>\n\t\t\t\t\t<div class='et-box-content'>Cordon umbilical 20%<\/strong><\/p>\n<p><strong>Timo 10%<\/strong><\/p>\n<p><strong>Bazo 10%<\/strong><\/p>\n<p><strong>Higado 10%<\/div><\/div><\/strong><\/p>\n","protected":false},"featured_media":139,"comment_status":"open","ping_status":"closed","template":"","meta":[],"product_cat":[17],"product_tag":[],"_links":{"self":[{"href":"https:\/\/www.biosistem.net\/index.php\/wp-json\/wp\/v2\/product\/69"}],"collection":[{"href":"https:\/\/www.biosistem.net\/index.php\/wp-json\/wp\/v2\/product"}],"about":[{"href":"https:\/\/www.biosistem.net\/index.php\/wp-json\/wp\/v2\/types\/product"}],"replies":[{"embeddable":true,"href":"https:\/\/www.biosistem.net\/index.php\/wp-json\/wp\/v2\/comments?post=69"}],"wp:featuredmedia":[{"embeddable":true,"href":"https:\/\/www.biosistem.net\/index.php\/wp-json\/wp\/v2\/media\/139"}],"wp:attachment":[{"href":"https:\/\/www.biosistem.net\/index.php\/wp-json\/wp\/v2\/media?parent=69"}],"wp:term":[{"taxonomy":"product_cat","embeddable":true,"href":"https:\/\/www.biosistem.net\/index.php\/wp-json\/wp\/v2\/product_cat?post=69"},{"taxonomy":"product_tag","embeddable":true,"href":"https:\/\/www.biosistem.net\/index.php\/wp-json\/wp\/v2\/product_tag?post=69"}],"curies":[{"name":"wp","href":"https:\/\/api.w.org\/{rel}","templated":true}]}}