{"id":156,"date":"2018-05-11T02:15:14","date_gmt":"2018-05-11T02:15:14","guid":{"rendered":"http:\/\/www.biosistem.net\/?post_type=product&#038;p=156"},"modified":"2024-11-23T07:23:20","modified_gmt":"2024-11-23T07:23:20","slug":"oftalmologico","status":"publish","type":"product","link":"https:\/\/www.biosistem.net\/index.php\/producto\/oftalmologico\/","title":{"rendered":"OFT (OFTALMOLOGICO)"},"content":{"rendered":"<p><strong>Oftalmol\u00f3gico mejora la calidad de vida y la visi\u00f3n actuando en la regeneraci\u00f3n del sistema oftalmol\u00f3gico. Es auxiliar en enfermedades como retinopat\u00edas, glaucoma, astigmatismo, hipermetrop\u00eda, glaucoma, infecciones frecuentes y visi\u00f3n borrosa.<\/strong><\/p>\n","protected":false},"excerpt":{"rendered":"<p>&nbsp;<\/p>\n<p style=\"text-align: center;\"><strong>CONTENIDO:<\/strong><\/p>\n<p><strong><div class='et-box et-shadow'>\n\t\t\t\t\t<div class='et-box-content'>Ojo 100%<\/div><\/div><\/strong><\/p>\n","protected":false},"featured_media":142,"comment_status":"open","ping_status":"closed","template":"","meta":[],"product_cat":[17],"product_tag":[],"_links":{"self":[{"href":"https:\/\/www.biosistem.net\/index.php\/wp-json\/wp\/v2\/product\/156"}],"collection":[{"href":"https:\/\/www.biosistem.net\/index.php\/wp-json\/wp\/v2\/product"}],"about":[{"href":"https:\/\/www.biosistem.net\/index.php\/wp-json\/wp\/v2\/types\/product"}],"replies":[{"embeddable":true,"href":"https:\/\/www.biosistem.net\/index.php\/wp-json\/wp\/v2\/comments?post=156"}],"wp:featuredmedia":[{"embeddable":true,"href":"https:\/\/www.biosistem.net\/index.php\/wp-json\/wp\/v2\/media\/142"}],"wp:attachment":[{"href":"https:\/\/www.biosistem.net\/index.php\/wp-json\/wp\/v2\/media?parent=156"}],"wp:term":[{"taxonomy":"product_cat","embeddable":true,"href":"https:\/\/www.biosistem.net\/index.php\/wp-json\/wp\/v2\/product_cat?post=156"},{"taxonomy":"product_tag","embeddable":true,"href":"https:\/\/www.biosistem.net\/index.php\/wp-json\/wp\/v2\/product_tag?post=156"}],"curies":[{"name":"wp","href":"https:\/\/api.w.org\/{rel}","templated":true}]}}